{"id":2,"date":"2019-07-07T09:50:38","date_gmt":"2019-07-07T07:50:38","guid":{"rendered":"http:\/\/aeti-unsa-bordeaux.org\/?page_id=2"},"modified":"2026-03-19T10:23:54","modified_gmt":"2026-03-19T09:23:54","slug":"accueil","status":"publish","type":"page","link":"https:\/\/aeti-unsa-bordeaux.org\/","title":{"rendered":"Accueil"},"content":{"rendered":"\n<p>\nLe syndicat Administration et Intendance est un syndicat inter &#8211; \ncat\u00e9goriel qui repr\u00e9sente tous les  personnels administratifs de \nl&rsquo;\u00c9ducation Nationale, de l\u2019Enseignement Sup\u00e9rieur et de Jeunesse et \nSports.\n\n<\/p>\n\n\n\n<p>Majoritaire au niveau acad\u00e9mique et national, notre pr\u00e9sence dans les diff\u00e9rentes instances permet de faire entendre votre voix et vos revendications.<\/p>\n\n\n\n<p>Syndicat r\u00e9formiste, nous agissons pour qu&rsquo;enfin soit reconnu \u00e0 sa juste valeur le travail de l&rsquo;ensemble des personnels administratifs dans la cha\u00eene des m\u00e9tiers contribuant \u00e0 la r\u00e9ussite des \u00e9l\u00e8ves et des \u00e9tudiants.<\/p>\n\n\n\n<p>Notre \u00e9quipe se tient \u00e0 votre disposition pour vous conseiller, vous informer et vous d\u00e9fendre. Alors , n&rsquo;h\u00e9sitez pas \u00e0 nous contacter.<\/p>\n\n\n\n<p class=\"has-light-green-cyan-background-color has-background has-huge-font-size\"><strong><span style=\"text-decoration: underline;\">ACTUALIT\u00c9<\/span><\/strong><br><strong><a href=\"https:\/\/aeti-unsa-bordeaux.org\/?page_id=274\" target=\"_blank\" rel=\"noreferrer noopener\">MOUVEMENT 2026<\/a><\/strong><\/p>\n\n\n\n<p><\/p>\n\n\n\n<p><\/p>\n","protected":false},"excerpt":{"rendered":"<p>Le syndicat Administration et Intendance est un syndicat inter &#8211; cat\u00e9goriel qui repr\u00e9sente tous les personnels administratifs de l&rsquo;\u00c9ducation Nationale, de l\u2019Enseignement Sup\u00e9rieur et de Jeunesse et Sports. Majoritaire au niveau acad\u00e9mique et national, notre pr\u00e9sence dans les diff\u00e9rentes instances permet de faire entendre votre voix et vos revendications. Syndicat r\u00e9formiste, nous agissons pour qu&rsquo;enfin [&hellip;]<\/p>\n","protected":false},"author":1,"featured_media":0,"parent":0,"menu_order":0,"comment_status":"closed","ping_status":"closed","template":"","meta":{"spay_email":""},"_links":{"self":[{"href":"https:\/\/aeti-unsa-bordeaux.org\/index.php?rest_route=\/wp\/v2\/pages\/2"}],"collection":[{"href":"https:\/\/aeti-unsa-bordeaux.org\/index.php?rest_route=\/wp\/v2\/pages"}],"about":[{"href":"https:\/\/aeti-unsa-bordeaux.org\/index.php?rest_route=\/wp\/v2\/types\/page"}],"author":[{"embeddable":true,"href":"https:\/\/aeti-unsa-bordeaux.org\/index.php?rest_route=\/wp\/v2\/users\/1"}],"replies":[{"embeddable":true,"href":"https:\/\/aeti-unsa-bordeaux.org\/index.php?rest_route=%2Fwp%2Fv2%2Fcomments&post=2"}],"version-history":[{"count":62,"href":"https:\/\/aeti-unsa-bordeaux.org\/index.php?rest_route=\/wp\/v2\/pages\/2\/revisions"}],"predecessor-version":[{"id":1900,"href":"https:\/\/aeti-unsa-bordeaux.org\/index.php?rest_route=\/wp\/v2\/pages\/2\/revisions\/1900"}],"wp:attachment":[{"href":"https:\/\/aeti-unsa-bordeaux.org\/index.php?rest_route=%2Fwp%2Fv2%2Fmedia&parent=2"}],"curies":[{"name":"wp","href":"https:\/\/api.w.org\/{rel}","templated":true}]}}