{"id":224,"date":"2019-07-19T07:31:01","date_gmt":"2019-07-19T05:31:01","guid":{"rendered":"http:\/\/aeti-unsa-bordeaux.org\/?page_id=224"},"modified":"2026-03-23T11:27:58","modified_gmt":"2026-03-23T10:27:58","slug":"64-2","status":"publish","type":"page","link":"https:\/\/aeti-unsa-bordeaux.org\/?page_id=224","title":{"rendered":"L&rsquo;\u00e9quipe 64"},"content":{"rendered":"\n<p>Secr\u00e9taire d\u00e9partemental :<\/p>\n\n\n\n<p>DEVILLEBICHOT Eric &#8211;   Cit\u00e9 scolaire Maurice Ravel St-Jean de Luz- 64   <br><a href=\"mailto:eric.devillebichot@ac-bordeaux.fr\">eric.devillebichot@ac-bordeaux.fr<\/a><\/p>\n\n\n\n<p>&#8212;&#8212;&#8212;&#8212;&#8212;&#8212;&#8212;&#8212;&#8212;&#8212;&#8212;&#8212;&#8212;&#8212;&#8212;&#8212;&#8212;&#8212;&#8212;&#8212;&#8212;&#8212;&#8212;&#8212;&#8212;&#8212;&#8212;&#8212;&#8212;&#8212;&#8212;&#8212;&#8212;&#8212;&#8212;&#8212;&#8212;&#8212;&#8211;<\/p>\n\n\n\n<p>Secr\u00e9taire d\u00e9partementale adjointe :<\/p>\n\n\n\n<p>Chrystelle DELOCHE &#8211; Lyc\u00e9e Jules Supervielle &#8211; Oloron Ste-Marie<\/p>\n\n\n\n<p class=\"has-medium-font-size\"><strong>Commission de r\u00e9forme d\u00e9partementale:<\/strong><\/p>\n\n\n\n<p><strong>ADJAENES<\/strong><\/p>\n\n\n\n<p>TITULAIRE <br><\/p>\n\n\n\n<p>SUPPLEANTE<br>TAILLEFER Val\u00e9rie \u2013  &nbsp;Lyc\u00e9e de Navarre, ST-JEAN PIED DE PORT <\/p>\n\n\n\n<p><strong>SAENES<\/strong><\/p>\n\n\n\n<p>TITULAIRE<br><\/p>\n\n\n\n<p>SUPPLEANTE<br><\/p>\n\n\n\n<p><strong>AAE<\/strong><\/p>\n\n\n\n<p>TITULAIRE<br>DEVILLEBICHOT Eric \u2013 Cit\u00e9 scolaire Maurice Ravel St-Jean de Luz- 64  <\/p>\n\n\n\n<p>SUPPLEANT<br><\/p>\n\n\n\n<p>TITULAIRE<br> <\/p>\n\n\n\n<p>SUPPLEANT<br>KONARSKI Igor &nbsp;&#8211;  UPPA, PAU<\/p>\n\n\n\n<p>&#8212;&#8212;&#8212;&#8212;&#8212;&#8212;&#8212;&#8212;&#8212;&#8212;&#8212;&#8212;&#8212;&#8212;&#8212;&#8212;&#8212;&#8212;&#8212;&#8212;&#8212;&#8212;&#8212;&#8212;&#8212;&#8212;&#8212;&#8212;&#8212;&#8212;&#8212;&#8212;&#8212;&#8212;&#8212;&#8212;&#8212;&#8212;&#8211;<\/p>\n\n\n\n<p class=\"has-medium-font-size\"><strong>CHSCT d\u00e9partemental<\/strong><\/p>\n\n\n\n<p><\/p>\n\n\n\n<p>&#8212;&#8212;&#8212;&#8212;&#8212;&#8212;&#8212;&#8212;&#8212;&#8212;&#8212;&#8212;&#8212;&#8212;&#8212;&#8212;&#8212;&#8212;&#8212;&#8212;&#8212;&#8212;&#8212;&#8212;&#8212;&#8212;&#8212;&#8212;&#8212;&#8212;&#8212;&#8212;&#8212;&#8212;&#8212;&#8212;&#8212;&#8212;&#8211;<\/p>\n\n\n\n<p class=\"has-medium-font-size\"><strong>Commission D\u00e9partementale d&rsquo;Action Sociale<br><\/strong><\/p>\n\n\n\n<p>DEVILLEBICHOT Eric \u2013    Cit\u00e9 scolaire Maurice Ravel St-Jean de Luz- 64     <\/p>\n\n\n\n<p><br><\/p>\n\n\n\n<p><br><\/p>\n","protected":false},"excerpt":{"rendered":"<p>Secr\u00e9taire d\u00e9partemental : DEVILLEBICHOT Eric &#8211; Cit\u00e9 scolaire Maurice Ravel St-Jean de Luz- 64 eric.devillebichot@ac-bordeaux.fr &#8212;&#8212;&#8212;&#8212;&#8212;&#8212;&#8212;&#8212;&#8212;&#8212;&#8212;&#8212;&#8212;&#8212;&#8212;&#8212;&#8212;&#8212;&#8212;&#8212;&#8212;&#8212;&#8212;&#8212;&#8212;&#8212;&#8212;&#8212;&#8212;&#8212;&#8212;&#8212;&#8212;&#8212;&#8212;&#8212;&#8212;&#8212;&#8211; Secr\u00e9taire d\u00e9partementale adjointe : Chrystelle DELOCHE &#8211; Lyc\u00e9e Jules Supervielle &#8211; Oloron Ste-Marie Commission de r\u00e9forme d\u00e9partementale: ADJAENES TITULAIRE SUPPLEANTETAILLEFER Val\u00e9rie \u2013 &nbsp;Lyc\u00e9e de Navarre, ST-JEAN PIED DE PORT SAENES TITULAIRE SUPPLEANTE AAE TITULAIREDEVILLEBICHOT Eric \u2013 Cit\u00e9 scolaire Maurice [&hellip;]<\/p>\n","protected":false},"author":1,"featured_media":0,"parent":239,"menu_order":0,"comment_status":"closed","ping_status":"closed","template":"","meta":{"spay_email":""},"_links":{"self":[{"href":"https:\/\/aeti-unsa-bordeaux.org\/index.php?rest_route=\/wp\/v2\/pages\/224"}],"collection":[{"href":"https:\/\/aeti-unsa-bordeaux.org\/index.php?rest_route=\/wp\/v2\/pages"}],"about":[{"href":"https:\/\/aeti-unsa-bordeaux.org\/index.php?rest_route=\/wp\/v2\/types\/page"}],"author":[{"embeddable":true,"href":"https:\/\/aeti-unsa-bordeaux.org\/index.php?rest_route=\/wp\/v2\/users\/1"}],"replies":[{"embeddable":true,"href":"https:\/\/aeti-unsa-bordeaux.org\/index.php?rest_route=%2Fwp%2Fv2%2Fcomments&post=224"}],"version-history":[{"count":16,"href":"https:\/\/aeti-unsa-bordeaux.org\/index.php?rest_route=\/wp\/v2\/pages\/224\/revisions"}],"predecessor-version":[{"id":1910,"href":"https:\/\/aeti-unsa-bordeaux.org\/index.php?rest_route=\/wp\/v2\/pages\/224\/revisions\/1910"}],"up":[{"embeddable":true,"href":"https:\/\/aeti-unsa-bordeaux.org\/index.php?rest_route=\/wp\/v2\/pages\/239"}],"wp:attachment":[{"href":"https:\/\/aeti-unsa-bordeaux.org\/index.php?rest_route=%2Fwp%2Fv2%2Fmedia&parent=224"}],"curies":[{"name":"wp","href":"https:\/\/api.w.org\/{rel}","templated":true}]}}

L&rsquo;équipe 64

<p>Secrétaire départemental :</p>



<p>DEVILLEBICHOT Eric &#8211;   Cité scolaire Maurice Ravel St-Jean de Luz- 64   <br><a href="mailto:eric.devillebichot@ac-bordeaux.fr">eric.devillebichot@ac-bordeaux.fr</a></p>



<p>&#8212;&#8212;&#8212;&#8212;&#8212;&#8212;&#8212;&#8212;&#8212;&#8212;&#8212;&#8212;&#8212;&#8212;&#8212;&#8212;&#8212;&#8212;&#8212;&#8212;&#8212;&#8212;&#8212;&#8212;&#8212;&#8212;&#8212;&#8212;&#8212;&#8212;&#8212;&#8212;&#8212;&#8212;&#8212;&#8212;&#8212;&#8212;&#8211;</p>



<p>Secrétaire départementale adjointe :</p>



<p>Chrystelle DELOCHE &#8211; Lycée Jules Supervielle &#8211; Oloron Ste-Marie</p>



<p class="has-medium-font-size"><strong>Commission de réforme départementale:</strong></p>



<p><strong>ADJAENES</strong></p>



<p>TITULAIRE <br></p>



<p>SUPPLEANTE<br>TAILLEFER Valérie –  &nbsp;Lycée de Navarre, ST-JEAN PIED DE PORT </p>



<p><strong>SAENES</strong></p>



<p>TITULAIRE<br></p>



<p>SUPPLEANTE<br></p>



<p><strong>AAE</strong></p>



<p>TITULAIRE<br>DEVILLEBICHOT Eric – Cité scolaire Maurice Ravel St-Jean de Luz- 64  </p>



<p>SUPPLEANT<br></p>



<p>TITULAIRE<br> </p>



<p>SUPPLEANT<br>KONARSKI Igor &nbsp;&#8211;  UPPA, PAU</p>



<p>&#8212;&#8212;&#8212;&#8212;&#8212;&#8212;&#8212;&#8212;&#8212;&#8212;&#8212;&#8212;&#8212;&#8212;&#8212;&#8212;&#8212;&#8212;&#8212;&#8212;&#8212;&#8212;&#8212;&#8212;&#8212;&#8212;&#8212;&#8212;&#8212;&#8212;&#8212;&#8212;&#8212;&#8212;&#8212;&#8212;&#8212;&#8212;&#8211;</p>



<p class="has-medium-font-size"><strong>CHSCT départemental</strong></p>



<p></p>



<p>&#8212;&#8212;&#8212;&#8212;&#8212;&#8212;&#8212;&#8212;&#8212;&#8212;&#8212;&#8212;&#8212;&#8212;&#8212;&#8212;&#8212;&#8212;&#8212;&#8212;&#8212;&#8212;&#8212;&#8212;&#8212;&#8212;&#8212;&#8212;&#8212;&#8212;&#8212;&#8212;&#8212;&#8212;&#8212;&#8212;&#8212;&#8212;&#8211;</p>



<p class="has-medium-font-size"><strong>Commission Départementale d&rsquo;Action Sociale<br></strong></p>



<p>DEVILLEBICHOT Eric –    Cité scolaire Maurice Ravel St-Jean de Luz- 64     </p>



<p><br></p>



<p><br></p>

<p>Secrétaire départemental : DEVILLEBICHOT Eric &#8211; Cité scolaire Maurice Ravel St-Jean de Luz- 64 eric.devillebichot@ac-bordeaux.fr &#8212;&#8212;&#8212;&#8212;&#8212;&#8212;&#8212;&#8212;&#8212;&#8212;&#8212;&#8212;&#8212;&#8212;&#8212;&#8212;&#8212;&#8212;&#8212;&#8212;&#8212;&#8212;&#8212;&#8212;&#8212;&#8212;&#8212;&#8212;&#8212;&#8212;&#8212;&#8212;&#8212;&#8212;&#8212;&#8212;&#8212;&#8212;&#8211; Secrétaire départementale adjointe : Chrystelle DELOCHE &#8211; Lycée Jules Supervielle &#8211; Oloron Ste-Marie Commission de réforme départementale: ADJAENES TITULAIRE SUPPLEANTETAILLEFER Valérie – &nbsp;Lycée de Navarre, ST-JEAN PIED DE PORT SAENES TITULAIRE SUPPLEANTE AAE TITULAIREDEVILLEBICHOT Eric – Cité scolaire Maurice [&hellip;]</p>
