{"id":292,"date":"2019-07-21T08:47:02","date_gmt":"2019-07-21T06:47:02","guid":{"rendered":"http:\/\/aeti-unsa-bordeaux.org\/?page_id=292"},"modified":"2026-02-09T14:21:20","modified_gmt":"2026-02-09T13:21:20","slug":"lequipe-47","status":"publish","type":"page","link":"https:\/\/aeti-unsa-bordeaux.org\/?page_id=292","title":{"rendered":"L&rsquo;\u00e9quipe 47"},"content":{"rendered":"\n<p class=\"has-medium-font-size\"><strong>Secr\u00e9taire d\u00e9partementale :<\/strong><\/p>\n\n\n\n<p> LE GALL V\u00e9ronique &#8211; LP ANTOINE LOMET &#8211; AGEN <\/p>\n\n\n\n<p class=\"has-medium-font-size\"><strong>Secr\u00e9taire d\u00e9partementale adjointe<\/strong> :<\/p>\n\n\n\n<p> NAIBO Mallory \u2013 LPO VAL DE GARONNE &#8211; MARMANDE <\/p>\n\n\n\n<p><\/p>\n\n\n\n<p class=\"has-medium-font-size\"><strong>La Commission de r\u00e9forme d\u00e9partementale<\/strong><\/p>\n\n\n\n<p>Cat\u00e9gorie A<\/p>\n\n\n\n<p>Titulaires<br>SAFFY Lydie &#8211; Coll\u00e8ge Paul Dangla &#8211; AGEN <br>MESQUITA Nelly &#8211; Coll\u00e8ge La Rocal &#8211; BON ENCONTRE<\/p>\n\n\n\n<p>Suppl\u00e9antes<br>DUMAS Genevi\u00e8ve &#8211; LPO Val de Garonne &#8211; MARMANDE<br>LE GALL V\u00e9ronique &#8211; LP ANTOINE LOMET &#8211; AGEN<\/p>\n\n\n\n<p>Cat\u00e9gorie B<\/p>\n\n\n\n<p>TITULAIRE<br>HABRI Hanane \u2013  Coll\u00e8ge Joseph Kessel &#8211; MONFLANQUIN<\/p>\n\n\n\n<p>SUPPLEANTE<br>NAIBO Mallory \u2013 CLG LA PLAINE &#8211; LAVARDAC<\/p>\n\n\n\n<p>Cat\u00e9gorie C<\/p>\n\n\n\n<p>TITULAIRE<br>GIRIBALDI Fabienne \u2013 Lyc\u00e9e Stendhal &#8211; AIGUILLON<\/p>\n\n\n\n<p>SUPPLEANTE<br>JOUVENEAU Anne \u2013  Lyc\u00e9e Jacques de Romas  &#8211; NERAC <\/p>\n","protected":false},"excerpt":{"rendered":"<p>Secr\u00e9taire d\u00e9partementale : LE GALL V\u00e9ronique &#8211; LP ANTOINE LOMET &#8211; AGEN Secr\u00e9taire d\u00e9partementale adjointe : NAIBO Mallory \u2013 LPO VAL DE GARONNE &#8211; MARMANDE La Commission de r\u00e9forme d\u00e9partementale Cat\u00e9gorie A TitulairesSAFFY Lydie &#8211; Coll\u00e8ge Paul Dangla &#8211; AGEN MESQUITA Nelly &#8211; Coll\u00e8ge La Rocal &#8211; BON ENCONTRE Suppl\u00e9antesDUMAS Genevi\u00e8ve &#8211; LPO Val de [&hellip;]<\/p>\n","protected":false},"author":1,"featured_media":0,"parent":222,"menu_order":0,"comment_status":"closed","ping_status":"closed","template":"","meta":{"spay_email":""},"_links":{"self":[{"href":"https:\/\/aeti-unsa-bordeaux.org\/index.php?rest_route=\/wp\/v2\/pages\/292"}],"collection":[{"href":"https:\/\/aeti-unsa-bordeaux.org\/index.php?rest_route=\/wp\/v2\/pages"}],"about":[{"href":"https:\/\/aeti-unsa-bordeaux.org\/index.php?rest_route=\/wp\/v2\/types\/page"}],"author":[{"embeddable":true,"href":"https:\/\/aeti-unsa-bordeaux.org\/index.php?rest_route=\/wp\/v2\/users\/1"}],"replies":[{"embeddable":true,"href":"https:\/\/aeti-unsa-bordeaux.org\/index.php?rest_route=%2Fwp%2Fv2%2Fcomments&post=292"}],"version-history":[{"count":14,"href":"https:\/\/aeti-unsa-bordeaux.org\/index.php?rest_route=\/wp\/v2\/pages\/292\/revisions"}],"predecessor-version":[{"id":1869,"href":"https:\/\/aeti-unsa-bordeaux.org\/index.php?rest_route=\/wp\/v2\/pages\/292\/revisions\/1869"}],"up":[{"embeddable":true,"href":"https:\/\/aeti-unsa-bordeaux.org\/index.php?rest_route=\/wp\/v2\/pages\/222"}],"wp:attachment":[{"href":"https:\/\/aeti-unsa-bordeaux.org\/index.php?rest_route=%2Fwp%2Fv2%2Fmedia&parent=292"}],"curies":[{"name":"wp","href":"https:\/\/api.w.org\/{rel}","templated":true}]}}

L&rsquo;équipe 47

<p class="has-medium-font-size"><strong>Secrétaire départementale :</strong></p>



<p> LE GALL Véronique &#8211; LP ANTOINE LOMET &#8211; AGEN </p>



<p class="has-medium-font-size"><strong>Secrétaire départementale adjointe</strong> :</p>



<p> NAIBO Mallory – LPO VAL DE GARONNE &#8211; MARMANDE </p>



<p></p>



<p class="has-medium-font-size"><strong>La Commission de réforme départementale</strong></p>



<p>Catégorie A</p>



<p>Titulaires<br>SAFFY Lydie &#8211; Collège Paul Dangla &#8211; AGEN <br>MESQUITA Nelly &#8211; Collège La Rocal &#8211; BON ENCONTRE</p>



<p>Suppléantes<br>DUMAS Geneviève &#8211; LPO Val de Garonne &#8211; MARMANDE<br>LE GALL Véronique &#8211; LP ANTOINE LOMET &#8211; AGEN</p>



<p>Catégorie B</p>



<p>TITULAIRE<br>HABRI Hanane –  Collège Joseph Kessel &#8211; MONFLANQUIN</p>



<p>SUPPLEANTE<br>NAIBO Mallory – CLG LA PLAINE &#8211; LAVARDAC</p>



<p>Catégorie C</p>



<p>TITULAIRE<br>GIRIBALDI Fabienne – Lycée Stendhal &#8211; AIGUILLON</p>



<p>SUPPLEANTE<br>JOUVENEAU Anne –  Lycée Jacques de Romas  &#8211; NERAC </p>

<p>Secrétaire départementale : LE GALL Véronique &#8211; LP ANTOINE LOMET &#8211; AGEN Secrétaire départementale adjointe : NAIBO Mallory – LPO VAL DE GARONNE &#8211; MARMANDE La Commission de réforme départementale Catégorie A TitulairesSAFFY Lydie &#8211; Collège Paul Dangla &#8211; AGEN MESQUITA Nelly &#8211; Collège La Rocal &#8211; BON ENCONTRE SuppléantesDUMAS Geneviève &#8211; LPO Val de [&hellip;]</p>
