{"id":294,"date":"2019-07-21T08:48:38","date_gmt":"2019-07-21T06:48:38","guid":{"rendered":"http:\/\/aeti-unsa-bordeaux.org\/?page_id=294"},"modified":"2019-11-30T07:07:51","modified_gmt":"2019-11-30T06:07:51","slug":"lactu-47","status":"publish","type":"page","link":"https:\/\/aeti-unsa-bordeaux.org\/?page_id=294","title":{"rendered":"L&rsquo;actu 47"},"content":{"rendered":"\n<p><strong>Gr\u00e8ve du 5 d\u00e9cembre  &#8211; D\u00e9part des cort\u00e8ges<\/strong><\/p>\n\n\n\n<p>Agen : 10 h 00 au gravier<br>Marmande\u00a0 : 15 H Esplanade de Mar\u00e9 <\/p>\n\n\n\n<p><strong><a href=\"https:\/\/www.aeti-unsa.org\/reforme-des-retraites-les-gens-ne-sont-pas-des-moyennes\/\">POURQUOI SE MOBILISER ?<\/a><\/strong><\/p>\n\n\n\n<p>&#8212;&#8212;&#8212;&#8212;&#8212;&#8212;&#8212;&#8212;&#8212;&#8212;&#8212;&#8212;&#8212;&#8212;&#8212;&#8212;&#8212;&#8212;&#8212;&#8212;&#8212;&#8212;&#8212;&#8212;&#8212;&#8212;&#8212;&#8212;&#8212;&#8212;&#8212;&#8212;&#8212;&#8212;&#8212;&#8212;&#8212;&#8212;&#8211;<\/p>\n\n\n\n<p><strong>Groupe de travail avec le Conseil D\u00e9partemental le 19\/09\/2019<\/strong><br><a href=\"http:\/\/aeti-unsa-bordeaux.org\/wp-content\/uploads\/2019\/11\/G14-du-19-09-19.pdf\">Compte rendu<\/a><\/p>\n\n\n\n<p>&#8212;&#8212;&#8212;&#8212;&#8212;&#8212;&#8212;&#8212;&#8212;&#8212;&#8212;&#8212;&#8212;&#8212;&#8212;&#8212;&#8212;&#8212;&#8212;&#8212;&#8212;&#8212;&#8212;&#8212;&#8212;&#8212;&#8212;&#8212;&#8212;&#8212;&#8212;&#8212;&#8212;&#8212;&#8212;&#8212;&#8212;&#8212;&#8211;<\/p>\n\n\n\n<p><a href=\"http:\/\/aeti-unsa-bordeaux.org\/wp-content\/uploads\/2019\/07\/accueil-47-28-08-2019.pdf\">Accueil des nouveaux personnels au lyc\u00e9e Jean-Baptiste de Baudre \u00e0 Agen le 28\/08\/19<\/a><\/p>\n","protected":false},"excerpt":{"rendered":"<p>Gr\u00e8ve du 5 d\u00e9cembre &#8211; D\u00e9part des cort\u00e8ges Agen : 10 h 00 au gravierMarmande\u00a0 : 15 H Esplanade de Mar\u00e9 POURQUOI SE MOBILISER ? &#8212;&#8212;&#8212;&#8212;&#8212;&#8212;&#8212;&#8212;&#8212;&#8212;&#8212;&#8212;&#8212;&#8212;&#8212;&#8212;&#8212;&#8212;&#8212;&#8212;&#8212;&#8212;&#8212;&#8212;&#8212;&#8212;&#8212;&#8212;&#8212;&#8212;&#8212;&#8212;&#8212;&#8212;&#8212;&#8212;&#8212;&#8212;&#8211; Groupe de travail avec le Conseil D\u00e9partemental le 19\/09\/2019Compte rendu &#8212;&#8212;&#8212;&#8212;&#8212;&#8212;&#8212;&#8212;&#8212;&#8212;&#8212;&#8212;&#8212;&#8212;&#8212;&#8212;&#8212;&#8212;&#8212;&#8212;&#8212;&#8212;&#8212;&#8212;&#8212;&#8212;&#8212;&#8212;&#8212;&#8212;&#8212;&#8212;&#8212;&#8212;&#8212;&#8212;&#8212;&#8212;&#8211; Accueil des nouveaux personnels au lyc\u00e9e Jean-Baptiste de Baudre \u00e0 Agen le 28\/08\/19<\/p>\n","protected":false},"author":1,"featured_media":0,"parent":222,"menu_order":1,"comment_status":"closed","ping_status":"closed","template":"","meta":{"spay_email":""},"_links":{"self":[{"href":"https:\/\/aeti-unsa-bordeaux.org\/index.php?rest_route=\/wp\/v2\/pages\/294"}],"collection":[{"href":"https:\/\/aeti-unsa-bordeaux.org\/index.php?rest_route=\/wp\/v2\/pages"}],"about":[{"href":"https:\/\/aeti-unsa-bordeaux.org\/index.php?rest_route=\/wp\/v2\/types\/page"}],"author":[{"embeddable":true,"href":"https:\/\/aeti-unsa-bordeaux.org\/index.php?rest_route=\/wp\/v2\/users\/1"}],"replies":[{"embeddable":true,"href":"https:\/\/aeti-unsa-bordeaux.org\/index.php?rest_route=%2Fwp%2Fv2%2Fcomments&post=294"}],"version-history":[{"count":6,"href":"https:\/\/aeti-unsa-bordeaux.org\/index.php?rest_route=\/wp\/v2\/pages\/294\/revisions"}],"predecessor-version":[{"id":490,"href":"https:\/\/aeti-unsa-bordeaux.org\/index.php?rest_route=\/wp\/v2\/pages\/294\/revisions\/490"}],"up":[{"embeddable":true,"href":"https:\/\/aeti-unsa-bordeaux.org\/index.php?rest_route=\/wp\/v2\/pages\/222"}],"wp:attachment":[{"href":"https:\/\/aeti-unsa-bordeaux.org\/index.php?rest_route=%2Fwp%2Fv2%2Fmedia&parent=294"}],"curies":[{"name":"wp","href":"https:\/\/api.w.org\/{rel}","templated":true}]}}

<p><strong>Grève du 5 décembre  &#8211; Départ des cortèges</strong></p>



<p>Agen : 10 h 00 au gravier<br>Marmande  : 15 H Esplanade de Maré </p>



<p><strong><a href="https://www.aeti-unsa.org/reforme-des-retraites-les-gens-ne-sont-pas-des-moyennes/">POURQUOI SE MOBILISER ?</a></strong></p>



<p>&#8212;&#8212;&#8212;&#8212;&#8212;&#8212;&#8212;&#8212;&#8212;&#8212;&#8212;&#8212;&#8212;&#8212;&#8212;&#8212;&#8212;&#8212;&#8212;&#8212;&#8212;&#8212;&#8212;&#8212;&#8212;&#8212;&#8212;&#8212;&#8212;&#8212;&#8212;&#8212;&#8212;&#8212;&#8212;&#8212;&#8212;&#8212;&#8211;</p>



<p><strong>Groupe de travail avec le Conseil Départemental le 19/09/2019</strong><br><a href="http://aeti-unsa-bordeaux.org/wp-content/uploads/2019/11/G14-du-19-09-19.pdf">Compte rendu</a></p>



<p>&#8212;&#8212;&#8212;&#8212;&#8212;&#8212;&#8212;&#8212;&#8212;&#8212;&#8212;&#8212;&#8212;&#8212;&#8212;&#8212;&#8212;&#8212;&#8212;&#8212;&#8212;&#8212;&#8212;&#8212;&#8212;&#8212;&#8212;&#8212;&#8212;&#8212;&#8212;&#8212;&#8212;&#8212;&#8212;&#8212;&#8212;&#8212;&#8211;</p>



<p><a href="http://aeti-unsa-bordeaux.org/wp-content/uploads/2019/07/accueil-47-28-08-2019.pdf">Accueil des nouveaux personnels au lycée Jean-Baptiste de Baudre à Agen le 28/08/19</a></p>

<p>Grève du 5 décembre &#8211; Départ des cortèges Agen : 10 h 00 au gravierMarmande  : 15 H Esplanade de Maré POURQUOI SE MOBILISER ? &#8212;&#8212;&#8212;&#8212;&#8212;&#8212;&#8212;&#8212;&#8212;&#8212;&#8212;&#8212;&#8212;&#8212;&#8212;&#8212;&#8212;&#8212;&#8212;&#8212;&#8212;&#8212;&#8212;&#8212;&#8212;&#8212;&#8212;&#8212;&#8212;&#8212;&#8212;&#8212;&#8212;&#8212;&#8212;&#8212;&#8212;&#8212;&#8211; Groupe de travail avec le Conseil Départemental le 19/09/2019Compte rendu &#8212;&#8212;&#8212;&#8212;&#8212;&#8212;&#8212;&#8212;&#8212;&#8212;&#8212;&#8212;&#8212;&#8212;&#8212;&#8212;&#8212;&#8212;&#8212;&#8212;&#8212;&#8212;&#8212;&#8212;&#8212;&#8212;&#8212;&#8212;&#8212;&#8212;&#8212;&#8212;&#8212;&#8212;&#8212;&#8212;&#8212;&#8212;&#8211; Accueil des nouveaux personnels au lycée Jean-Baptiste de Baudre à Agen le 28/08/19</p>
